he units digit of q(8)?
8
Let z = 23 - 45. Let a = -9 - z. Let l = a - 5. What is the units digit of l?
8
Let s(z) = -z**3 - 11*z**2 - 13*z + 14. Let r(a) = -6 + 3*a + 0*a + 3*a**2 - 10*a**3 + 9*a**3. Let c be r(4). What is the units digit of s(c)?
4
Let p(b) = -b + 8. Let a be p(8). Let k(z) = -z**3 + z + 14. What is the tens digit of k(a)?
1
Let v(u) = 10*u. Let z be v(15). Suppose -7*k = -12*k + z. What is the tens digit of k?
3
Let n = 678 - 395. Let c = n + -40. What is the tens digit of c?
4
Suppose x + 354 = 536. What is the tens digit of x?
8
Let y(d) = 5*d**2 + 8*d + 20. What is the hundreds digit of y(8)?
4
Let x be (-2)/9 - 137/(-9). Let y be (x/(-30))/(2/(-40)). Let l = y - 2. What is the units digit of l?
8
Suppose -9*k = 1172 - 407. Let t = k + 110. What is the tens digit of t?
2
Let o = 1014 + -553. What is the units digit of o?
1
Let a(x) = 23*x - 3. Let j be a(5). Let c = 290 - j. What is the hundreds digit of c?
1
Suppose 3*m + 62 = -1. Let y = -273 - -251. Let i = m - y. What is the units digit of i?
1
Suppose u + 3*k - 11 = -4, -2*u - 5*k = -9. Let m = -4 - u. Suppose 3*a + 23 = m*a. What is the units digit of a?
3
Let t(f) = -f**2 + 23*f - 1. Let s be t(14). Suppose 4*v - s = 887. What is the tens digit of v?
5
Let m(z) = 2*z**2 - z + 1. Let q be (18/10)/(3/15). Suppose -4*b = -3*g - 8*b - q, 3*g + 6 = -3*b. What is the units digit of m(g)?
2
Let a(t) = -t**3 + 5*t**2 + 6*t + 2. Suppose 3*c = -m - 11, 0*m - 3 = 3*m - c. Let k(w) = w**2 + 1. Let h be k(m). What is the units digit of a(h)?
2
Suppose 4*d = 3*d + 18. Suppose -2*y + 18 + d = 0. Let u = y + -14. What is the units digit of u?
4
What is the units digit of 4435/(-2)*20/(-25)?
4
Suppose 0 = a + 4*j - 27, -4*a + 33 + 0 = j. What is the units digit of ((-58)/a)/((-8)/56)?
8
Suppose -v - 3 = -4*r - 6*v, -4*r - v = -7. Suppose r = 5*o - 3, 4 = -5*z + 4*o. Suppose t - 68 = -5*f + 67, z = 4*f + 3*t - 119. What is the units digit of f?
6
Let u(a) = 3*a**3 - a**2 + 3*a - 2. Let x be u(1). What is the tens digit of 246/12 - x/(-6)?
2
Let u be (-14)/(-2) - (6 - 15/5). Suppose u*f - 273 = -v, 2*f + v + 348 = 7*f. What is the units digit of f?
9
Let k(c) be the second derivative of c**5/20 + 3*c**4/4 + 5*c**3/3 + 9*c**2/2 + 8*c. Let p be k(-8). Let a = p - -49. What is the units digit of a?
2
What is the hundreds digit of (-1 - (-5)/(-7))/(42/(-22197))?
9
Suppose 3*k - 18 = -4*a + 30, -3*k - 5*a + 51 = 0. What is the units digit of (-174)/(-8) - k/16?
1
Suppose 0 = 3*u - 15, 0*z + 5*u - 418 = z. Let y = -186 - z. What is the tens digit of y?
0
Suppose 8*k + 48 = 10*k. Suppose 0 = -4*h + 44 + k. Let f = 23 - h. What is the units digit of f?
6
Let u = -3 - -110. Let j = u + -82. What is the units digit of j?
5
Suppose 2*a = -2*a + 20. Suppose -2*w + 991 = a*n - 4*w, -4*n + 3*w = -797. What is the tens digit of n?
9
What is the thousands digit of 5*-1 - (4 + -1180 - 5)?
1
What is the hundreds digit of (0 - -2 - 3) + 427?
4
Suppose 0*z - 116 = -4*z. Suppose -5*d = r - 27, d - z = -2*r - 4*d. Suppose f - 54 = -r*f. What is the units digit of f?
8
Let x(k) = k**3 + 2*k**2 + 5. Let p be x(0). What is the units digit of (p/75*5)/((-2)/(-858))?
3
What is the tens digit of -2*(2/3 + (-138343)/222)?
4
Suppose 16*j = 6*j + 4450. What is the hundreds digit of j?
4
Let i = -106 - -54. Let f = -33 - i. What is the units digit of f?
9
Suppose 34 = 5*c + 9. Suppose c*y - g = 29, -4*g - 42 = -5*y - 1. Suppose -5*j - y*q = -25, -4*j + q + q + 8 = 0. What is the units digit of j?
3
Let p be 8 - (1 + 1/1). Suppose p = -3*w, 3*k - 5*w = 14 + 2. What is the units digit of (1 + k)*(-18)/(-3)?
8
Let o(j) = -2*j**3 + 13*j**2 - 27*j - 14. What is the hundreds digit of o(-8)?
0
Let t(j) = 20*j - 39. Let l(n) = 42*n - 77. Let o(s) = -4*l(s) + 9*t(s). What is the tens digit of o(15)?
3
Suppose -2377 + 613 = -4*l. Suppose -l - 129 = -6*u. What is the units digit of u?
5
Let w(y) = -4*y - 30. Let n be w(-12). Suppose 180 = n*i - 16*i. What is the tens digit of i?
9
Suppose 0 = 9*g - 7 - 20. Suppose -2*c + 3*c - x = 226, -g*c - 5*x + 718 = 0. What is the tens digit of c?
3
Let k(s) = -s**2 + 6*s + 4. Let n = -11 + 17. Let p be k(n). Suppose p*g + 5*r = 59, -46 = -4*g - 2*r + 4. What is the units digit of g?
1
Suppose -f + 40 = -4*w, 3*w + 3*f = -2*f - 53. Let s(y) = -y**3 - 11*y**2 - y + 10. What is the tens digit of s(w)?
2
Let k be (-2 + 4)*15/(-6). Let i = k + 27. Suppose c - i = -c. What is the tens digit of c?
1
Let n(c) be the second derivative of 0 + 4*c + 1/12*c**4 + 21/20*c**5 - 1/6*c**3 + 1/2*c**2. What is the units digit of n(1)?
2
Let u(j) = j**3 + 29*j**2 + 37*j + 44. What is the units digit of u(-18)?
2
Let p(r) = 2*r**2 + r + 576. What is the hundreds digit of p(0)?
5
Let h(z) = z**2 - 2*z + z - 6*z - 14 + 2*z. What is the tens digit of h(11)?
5
Let r(a) = -a**2 + 6*a - 1. Let w be r(5). Suppose 10 = w*k + k. Suppose -5*b + 106 = 3*h, 0*b = -h - k*b + 37. What is the tens digit of h?
2
Suppose 0 = -1392*h + 1371*h + 44709. What is the thousands digit of h?
2
Suppose 2*p + q - 510 = 0, 3*p - 2*p = -q + 255. What is the units digit of p?
5
Let m = 99 - 95. Let o(l) = l**3 - 2*l + 3. What is the tens digit of o(m)?
5
Let o = 5156 + -2612. What is the thousands digit of o?
2
Suppose 0 = -5*i + 4 + 11. What is the units digit of ((-6)/(-3) - -1)/i?
1
Let f = 9333 - 6007. What is the hundreds digit of f?
3
Suppose -3*m = -6*m. Suppose -3*d + 2*d + 91 = m. What is the tens digit of d?
9
Let f(x) = -x + 3. Let b be f(-1). Suppose 0 = p + 5*y - 126, b*p = 8*p + 2*y - 468. What is the tens digit of p?
1
Let i(y) = y**3 + 10*y**2 + 3*y - 7. Suppose -5*c + 6 = -3*c. Suppose 6 = a + 3*g, g + 2*g = -2*a - c. What is the tens digit of i(a)?
4
Let c(z) = 10*z**2 - 8*z - 1. Let x(s) = 18*s**2 - 15*s - 1. Let n(w) = -7*c(w) + 4*x(w). Let u = 10 - 5. What is the units digit of n(u)?
3
Let u = -75 + 66. Let z(x) = x**3 + 9*x**2 - 3*x - 6. What is the units digit of z(u)?
1
Let h = 5 + 0. Suppose -h*z + 17 = -4*b, z + 19 = 6*z - 3*b. What is the tens digit of z/(-4)*(0 + -8)?
1
Let y(g) = -8*g - 6. Let f be ((-4)/12)/((-2)/(-30)). Let o be y(f). Suppose x + x - o = 0. What is the tens digit of x?
1
Suppose 105 = p - 2*g - 38, -p - 5*g + 122 = 0. What is the tens digit of p?
3
Let k = -24 - -46. Let r(n) = 4*n - k*n + 0 - 5 - 9*n. What is the tens digit of r(-2)?
4
Let b(r) = -r**2 + 2*r - 13. Let d be b(3). What is the units digit of (36/d)/3*-36?
7
What is the units digit of ((-2)/(-6))/(4 - 2204/552)?
6
Suppose -12 - 4 = -4*s. Suppose 0 = x - 5*l - 20, s*l + 94 = 2*x + 30. What is the tens digit of x?
4
Let x(j) be the third derivative of 7*j**5/15 - j**4/3 + 5*j**3/3 + 29*j**2 - 2. What is the units digit of x(2)?
6
Suppose 0 = -3*n + 2*n. Suppose n = -30*q + 35*q. Suppose 3*f = l - q*f - 68, -f = 4*l - 233. What is the units digit of l?
9
Suppose 5*r = 89 + 146. Suppose 0 = -n + 32 - 34. Let c = n + r. What is the tens digit of c?
4
Suppose -n = -2*v - 637, n - 4*v = 5*n - 2560. What is the hundreds digit of n?
6
Let x(a) = -a**3 - 9*a**2 - 7*a + 2. Let b(j) = -8*j**2. Let t be b(-1). Let l be x(t). Let v = l + 31. What is the units digit of v?
5
Let l(x) = -x**2 + 4*x + 2. Let d be l(4). Suppose 4*k = -s + 9, -d*k + 2*s = k + 7. What is the units digit of k*9 - 18/(-9)?
1
Let z = 153 - 39. Suppose 0 = 2*x - 3*n - n - z, 3*x + 5*n - 127 = 0. What is the units digit of x?
9
Let z(n) = -18*n**3 - 2*n**2 + n - 15. What is the units digit of z(-3)?
0
Let l(y) = 106*y + 8. What is the hundreds digit of l(3)?
3
Let g(u) = 2*u**3 - 14*u**2 - 31*u + 1. What is the tens digit of g(9)?
4
Let j(r) be the first derivative of -r**4/2 - r**3/6 - 3*r**2/2 - 3. Let l(m) be the second derivative of j(m). What is the tens digit of l(-3)?
3
Let w = 122 + -7. Suppose 2*j - 7 = w. Suppose -n - 4*v = -2*n + j, -3*n = -5*v - 162. What is the units digit of n?
9
Let v be ((-12)/(-18))/(2 - (-33)/(-18)). Suppose -261 = -3*a + 3*s, -2*s = v*a - 0*s - 354. What is the units digit of a?
8
Suppose 2*j + 2*s - 854 = -3*s, 5*s + 1708 = 4*j. Suppose k - 2*o + 392 = 4*k, -5*o = -3*k + j. What is the hundreds digit of k?
1
Let r be -5*-7*6/15. Let l be 64/10 + r/(-35). What is the units digit of l*(-1 - (-76)/8)?
1
Let d be 105/(-12) + 3/(-